of 7870?
2, 5, 787
What are the prime factors of 17069?
13, 101
What are the prime factors of 4587?
3, 11, 139
List the prime factors of 101435.
5, 20287
List the prime factors of 219.
3, 73
List the prime factors of 14520.
2, 3, 5, 11
What are the prime factors of 49194?
2, 3, 911
List the prime factors of 3533.
3533
What are the prime factors of 602?
2, 7, 43
List the prime factors of 5488.
2, 7
List the prime factors of 37418.
2, 53, 353
List the prime factors of 8475.
3, 5, 113
What are the prime factors of 25762?
2, 11, 1171
List the prime factors of 55653.
3, 13, 1427
List the prime factors of 1661.
11, 151
List the prime factors of 32394.
2, 3, 5399
List the prime factors of 33353.
33353
What are the prime factors of 991?
991
List the prime factors of 23555.
5, 7, 673
List the prime factors of 6832.
2, 7, 61
List the prime factors of 17855.
5, 3571
List the prime factors of 959.
7, 137
What are the prime factors of 53995?
5, 10799
What are the prime factors of 35934?
2, 3, 53, 113
List the prime factors of 3066.
2, 3, 7, 73
What are the prime factors of 124689?
3, 89, 467
What are the prime factors of 993?
3, 331
What are the prime factors of 8427?
3, 53
List the prime factors of 53392.
2, 47, 71
List the prime factors of 1109.
1109
List the prime factors of 1448.
2, 181
List the prime factors of 292.
2, 73
What are the prime factors of 5538?
2, 3, 13, 71
What are the prime factors of 53875?
5, 431
What are the prime factors of 627?
3, 11, 19
List the prime factors of 1368.
2, 3, 19
What are the prime factors of 9903?
3, 3301
What are the prime factors of 5972?
2, 1493
What are the prime factors of 1806?
2, 3, 7, 43
List the prime factors of 3101.
7, 443
List the prime factors of 82235.
5, 16447
What are the prime factors of 26838?
2, 3, 7, 71
List the prime factors of 60889.
60889
What are the prime factors of 4811?
17, 283
What are the prime factors of 1130?
2, 5, 113
What are the prime factors of 5010?
2, 3, 5, 167
List the prime factors of 46971.
3, 17, 307
What are the prime factors of 165?
3, 5, 11
List the prime factors of 3536.
2, 13, 17
List the prime factors of 14484.
2, 3, 17, 71
List the prime factors of 14326.
2, 13, 19, 29
List the prime factors of 42325.
5, 1693
List the prime factors of 2918.
2, 1459
List the prime factors of 54419.
54419
List the prime factors of 17991.
3, 1999
What are the prime factors of 436?
2, 109
List the prime factors of 11758.
2, 5879
What are the prime factors of 1458?
2, 3
What are the prime factors of 86734?
2, 17, 2551
What are the prime factors of 8244?
2, 3, 229
List the prime factors of 561.
3, 11, 17
List the prime factors of 14040.
2, 3, 5, 13
List the prime factors of 2494.
2, 29, 43
List the prime factors of 55732.
2, 13933
What are the prime factors of 3630?
2, 3, 5, 11
What are the prime factors of 6315?
3, 5, 421
What are the prime factors of 35901?
3, 3989
What are the prime factors of 2222?
2, 11, 101
What are the prime factors of 3769?
3769
List the prime factors of 83560.
2, 5, 2089
What are the prime factors of 424?
2, 53
What are the prime factors of 19448?
2, 11, 13, 17
What are the prime factors of 2581?
29, 89
What are the prime factors of 4752?
2, 3, 11
What are the prime factors of 334?
2, 167
List the prime factors of 2645.
5, 23
What are the prime factors of 1970?
2, 5, 197
List the prime factors of 3689.
7, 17, 31
What are the prime factors of 4381?
13, 337
List the prime factors of 31208.
2, 47, 83
List the prime factors of 48594.
2, 3, 7, 13, 89
What are the prime factors of 45456?
2, 3, 947
What are the prime factors of 640?
2, 5
What are the prime factors of 14785?
5, 2957
What are the prime factors of 46355?
5, 73, 127
What are the prime factors of 65857?
11, 5987
List the prime factors of 165.
3, 5, 11
List the prime factors of 3583.
3583
List the prime factors of 2423.
2423
List the prime factors of 17824.
2, 557
List the prime factors of 19926.
2, 3, 41
List the prime factors of 5971.
7, 853
List the prime factors of 18892.
2, 4723
List the prime factors of 34435.
5, 71, 97
List the prime factors of 21007.
7, 3001
List the prime factors of 83.
83
List the prime factors of 14322.
2, 3, 7, 11, 31
List the prime factors of 19774.
2, 9887
What are the prime factors of 1857?
3, 619
What are the prime factors of 8102?
2, 4051
List the prime factors of 178.
2, 89
List the prime factors of 39572.
2, 13, 761
What are the prime factors of 2381?
2381
What are the prime factors of 8975?
5, 359
What are the prime factors of 2659?
2659
List the prime factors of 147009.
3, 49003
List the prime factors of 433.
433
List the prime factors of 715.
5, 11, 13
List the prime factors of 110397.
3, 7, 751
What are the prime factors of 69000?
2, 3, 5, 23
List the prime factors of 1680.
2, 3, 5, 7
List the prime factors of 39301.
39301
List the prime factors of 18548.
2, 4637
What are the prime factors of 131721?
3, 23, 83
List the prime factors of 2262.
2, 3, 13, 29
List the prime factors of 6942.
2, 3, 13, 89
List the prime factors of 2553.
3, 23, 37
What are the prime factors of 12088?
2, 1511
List the prime factors of 59159.
59159
List the prime factors of 7210.
2, 5, 7, 103
List the prime factors of 28671.
3, 19, 503
What are the prime factors of 1885?
5, 13, 29
What are the prime factors of 107897?
107897
List the prime factors of 5777.
53, 109
List the prime factors of 18526.
2, 59, 157
List the prime factors of 54021.
3, 11, 1637
List the prime factors of 2966.
2, 1483
What are the prime factors of 1495?
5, 13, 23
List the prime factors of 15106.
2, 7, 13, 83
List the prime factors of 3896.
2, 487
List the prime factors of 5440.
2, 5, 17
List the prime factors of 7276.
2, 17, 107
What are the prime factors of 3125?
5
List the prime factors of 20497.
103, 199
What are the prime factors of 35429?
71, 499
List the prime factors of 4817.
4817
List the prime factors of 84116.
2, 17, 1237
What are the prime factors of 5274?
2, 3, 293
What are the prime factors of 81284?
2, 7, 2903
List the prime factors of 281.
281
List the prime factors of 347.
347
List the prime factors of 1998.
2, 3, 37
List the prime factors of 5059.
5059
List the prime factors of 16526.
2, 8263
List the prime factors of 42889.
7, 11, 557
List the prime factors of 636.
2, 3, 53
List the prime factors of 5679.
3, 631
What are the prime factors of 45939?
3, 15313
List the prime factors of 2287.
2287
List the prime factors of 101945.
5, 20389
List the prime factors of 70799.
83, 853
List the prime factors of 543.
3, 181
What are the prime factors of 591?
3, 197
What are the prime factors of 9094?
2, 4547
List the prime factors of 9428.
2, 2357
List the prime factors of 9354.
2, 3, 1559
List the prime factors of 6393.
3, 2131
List the prime factors of 71538.
2, 3, 11923
List the prime factors of 124.
2, 31
List the prime factors of 100.
2, 5
What are the prime factors of 1599?
3, 13, 41
List the prime factors of 7575.
3, 5, 101
What are the prime factors of 7741?
7741
What are the prime factors of 20178?
2, 3, 19, 59
What are the prime factors of 53456?
2, 13, 257
What are the prime factors of 3010?
2, 5, 7, 43
List the prime factors of 1316.
2, 7, 47
What are the prime factors of 13259?
13259
What are the prime factors of 97481?
43, 2267
What are the prime factors of 8282?
2, 41, 101
List the prime factors of 54276.
2, 3, 4523
List the prime factors of 1344.
2, 3, 7
What are the prime factors of 8034?
2, 3, 13, 103
List the prime factors of 292.
2, 73
What are the prime factors of 12302?
2, 6151
List the prime factors of 68754.
2, 3, 7, 1637
What are the prime factors of 6718?
2, 3359
List the prime factors of 12147.
3, 4049
List the prime factors of 10574.
2, 17, 311
List the prime factors of 277.
277
List the prime factors of 9610.
2, 5, 31
List the prime factors of 1187.
1187
What are the prime factors of 1755?
3, 5, 13
What are the prime factors of 966?
2, 3, 7, 23
What are the prime factors of 15?
3, 5
What are the prime factors of 1445?
5, 17
What are the prime factors of 111711?
3, 23, 1619
What are the prime factors of 1846?
2, 13, 71
What are the prime factors of 2561?
13, 197
What are the prime factors of 17466?
2, 3, 41, 71
What are the prime factors of 1246?
2, 7, 89
List the prime factors of 2351.
